undreds digit of (-16994)/(-5) - 30/(-25)?
4
Let n be (806/(-6))/(28/(-504)). Suppose n - 878 = 14*u. What is the tens digit of u?
1
Suppose 0 = 2*z - 3*n - 204, 0 = 3*n + 3 + 3. Suppose 36*i - 33*i - z = 0. What is the tens digit of i?
3
Suppose 0 = -3*k - k + 3*w + 75, 0 = 4*w + 4. Let p be (-3)/k - (-125)/30. What is the tens digit of 1414/35 - p/10?
4
Let k(a) = -a**2 + 4*a - 4. Let n be k(4). Let j be 142 - (1 - (n - -4)). What is the tens digit of ((-10)/(-15))/(2/j)?
4
Suppose 18*p - 15*p = 3483. What is the thousands digit of p?
1
Let c(a) = -5*a - 24. Let f be c(-8). Suppose 28 - f = 4*v. What is the units digit of 1/(-1)*v + 60?
7
Let s = 8 + -13. Let d = -2 - s. Suppose -3*a + 5*w = d + 1, -a - w + 4 = 0. What is the units digit of a?
2
Let x = -55 + 93. Suppose 11*r = 13*r - 36. Let k = x - r. What is the tens digit of k?
2
Let y(l) = -l - 26. Let u(b) = -b - 26. Let q(i) = 4*u(i) - 5*y(i). Let x be q(-9). What is the tens digit of 57/4 - x/68?
1
Let d(j) = j**3 + j**2 - 3*j - 4. Let v be d(3). Suppose v = -5*h + 203. What is the units digit of h?
6
Let d(o) = 3*o**2 + o + 109. What is the units digit of d(7)?
3
Let m = -164 + 166. Suppose -m*l - 3*l = -855. What is the hundreds digit of l?
1
Suppose -4*g = -2*g, -5*h + 4*g + 5 = 0. Let u be (h/(-2))/((-4)/(-56)). Let j(m) = -m**2 - 10*m - 9. What is the units digit of j(u)?
2
Suppose -3524 = -4*i + 2*q, i - 1078 + 179 = 5*q. What is the units digit of i?
9
Let u(o) be the second derivative of 7*o**4/24 - 5*o**3/6 - o**2/2 + 3*o. Let p(s) be the first derivative of u(s). What is the tens digit of p(3)?
1
Let n = -147 - -211. Let l be ((-8)/(-6))/((-2)/(-6)). Suppose f = 2*f + 4*r - 6, 0 = -4*f + l*r + n. What is the tens digit of f?
1
Suppose 0 = 8*t - 12*t + 1000. Suppose -6*u = -314 - t. What is the units digit of u?
4
Let m(w) be the second derivative of 5*w**4/6 - 3*w**3/2 - 8*w**2 + 20*w. What is the tens digit of m(5)?
8
Suppose -4*j = -w + 194, -2*j = 3*w + 2*j - 518. Suppose 0 = 48*r - 50*r + w. What is the units digit of r?
9
Let g = -2776 - -4033. What is the tens digit of g?
5
Let d be -20*-2*(2 + -1). Let u = d + -28. What is the tens digit of u?
1
Let d(w) = -w**2 + 7*w + 4. Suppose -t + 3*t - 10 = 0. Let q be d(t). Suppose -65 = -19*x + q*x. What is the tens digit of x?
1
Let h = 355 - -658. What is the hundreds digit of h?
0
Suppose 0 = -5*m + 2*l + 37, -2*m - 2*l = -0*l - 26. Suppose 0 = 4*b - 2*u - 22, 3*b = -u + 10 - 1. Suppose m*s - b*s = 35. What is the units digit of s?
7
Suppose -2*a + 45 = -5*j, -4*a = -j - j - 114. Suppose 46 = 3*m - 104. Suppose m = 5*v - a. What is the units digit of v?
6
What is the tens digit of ((-4179)/(-14))/((-5)/(-30))?
9
Let a = 92 - 35. Let i = 123 + a. What is the tens digit of i?
8
Let o = 111 + -107. Suppose 2*b + 0*m - 118 = m, -5*b = -o*m - 292. What is the tens digit of b?
6
Let y = 6 + 27. Suppose 2*z = -1 + y. What is the tens digit of z?
1
Let k(r) be the first derivative of -3/2*r**2 + 2 + 0*r + 3*r**3. What is the tens digit of k(2)?
3
What is the units digit of 6600/(18/9) - -4?
4
Suppose 62*w = 32*w + 32040. What is the tens digit of w?
6
Suppose 16*g - 30*g = -1386. What is the units digit of g?
9
Suppose 4*j + 0*x - 42 = 3*x, j + x - 14 = 0. What is the tens digit of ((-17)/3)/((-2)/j)?
3
Let b = -15 + 15. Suppose -5*z + 4 + 26 = b. Suppose 3*h = 2*p + z, 0 = -3*h - 3*p - 0*p + 21. What is the units digit of h?
4
What is the units digit of ((-72)/16)/((-9)/90)?
5
Let y = 3 + 3. What is the units digit of 12/(-3) + y + 53?
5
Let p(d) = 2*d**3 - 3*d**2 - 5*d - 3. Let a(i) = i**3 - 2*i**2 - 4*i - 2. Let f = -2 + 5. Let y(v) = f*a(v) - 2*p(v). What is the tens digit of y(-3)?
3
Let o = 1 - 4. Let s(f) = -f**3 + f**2 - 2*f - 4. Let t be s(o). Suppose 0 = w - t + 2. What is the units digit of w?
6
Suppose 0 = 3*x + 2*x - 20. Suppose -x*a = -15 + 91. Let n = 7 - a. What is the units digit of n?
6
Let o(t) = t - 2. Let x be o(4). Let k(q) = -q**3 + 5*q**2 - 4*q + 2. Let b be k(x). Let l = 19 + b. What is the tens digit of l?
2
Let q(v) = v**3 + v + 14. Let h be 23/7 + (-4)/14. Let c be (3 - -3)/h + -2. What is the units digit of q(c)?
4
Suppose 10*d - 13426 = 5774. Suppose d - 545 = 11*g. What is the tens digit of g?
2
Let n be 39 + (8 + (-9)/3 - 9). Suppose -3 = -f - s, -2*f + 5*s + 30 = -11. Suppose -c + n = -f. What is the units digit of c?
3
Let q(y) = y**3 - 63*y**2 + 70*y - 185. What is the tens digit of q(62)?
1
Let i = -11 + 13. Let r(h) be the second derivative of h**5/10 - h**4/12 + h**3/3 - h**2 - 2*h. What is the tens digit of r(i)?
1
What is the hundreds digit of 2/4*-4*(-135 - -1)?
2
Suppose 2*k = -4*g + 28, -4*k = -5*g + 4*g + 25. What is the tens digit of 12/g*3 - -29?
3
Let v(b) = b**3 + 9*b**2 + 10*b - 6. Let g be v(-7). Suppose -w + g = w. Let i(k) = 2*k - 4. What is the tens digit of i(w)?
1
Suppose 9 = 7*g - 6*g. What is the units digit of g*(-3 + 12 - (-1 + -1))?
9
Let x be ((-47)/(-2) + -1)/(6/(-12)). Let g = 111 + x. What is the units digit of g?
6
Let a(g) = -4 - 1 + 10 - 7*g - g**3 - 8*g**2 + 0. Let r be a(-7). Suppose -2*p = -p + 5*j - 45, -5*p - r*j = -145. What is the units digit of p?
5
Suppose -3*k + 2*f + 234 + 438 = 0, f + 1120 = 5*k. What is the units digit of k?
4
Let a(l) = 3*l**3 - 7*l + 8. Let t(s) = 5*s**3 - 13*s + 15. Let i(y) = -7*a(y) + 4*t(y). What is the units digit of i(-4)?
0
Suppose 0 = 3*b + h - 780, 0 = 7*b - 10*b + 3*h + 780. What is the tens digit of b?
6
Suppose -b - 2*k + 10 = -0*k, -b + k + 1 = 0. Suppose 17 = -b*m + 5. Let w = 36 + m. What is the units digit of w?
3
Let j(k) be the second derivative of -5*k**3/2 + 3*k**2/2 + 12*k. What is the tens digit of j(-1)?
1
Suppose 6*a - 8 = 2*a. Let b be a/(-8) - 84/(-16). Suppose 0 = 4*w - 9*w - l + 34, 0 = b*w + 2*l - 38. What is the units digit of w?
6
Suppose -13 = -2*z + z. Let l = z - 1. Suppose -l*h + 15*h - 9 = 0. What is the units digit of h?
3
Let w = 764 + -287. What is the hundreds digit of w?
4
Suppose -5*q - 627 = -1972. What is the hundreds digit of q?
2
Let g = -23 - -14. Let f = -5 - g. Suppose -3*k = 5*p - 30, 0*p = 4*k - f*p - 8. What is the units digit of k?
5
What is the hundreds digit of (-4 - 135/(-36))*-13780?
4
Let t = -37 + 50. What is the units digit of t?
3
Let w = -3 - -3. Suppose -5*x = -2*m + 32, -2*x = -5*m - w*x + 38. Suppose 69 = m*a - 135. What is the units digit of a?
4
Suppose -79 + 89 = 2*q. Suppose q*m = 7*m - 188. What is the tens digit of m?
9
Suppose 3*r + 0*m - 9 = -m, -2*m = -r + 3. Let i be (-2 + r)/(6/18). What is the units digit of 3 - (i + -13 - 1)?
4
Suppose 32*x + 732 = 36*x. Let a = -2 - -7. Suppose 3*v + 215 = 4*g, a*v = -3*g - 0*v + x. What is the tens digit of g?
5
Suppose -4*f = -11*f + 3276. Suppose 19*y = 16*y + f. What is the units digit of y?
6
Suppose -r = 3*r. Suppose 2*n - 5*n = r. Suppose 6*s - 346 + 76 = n. What is the tens digit of s?
4
Let j be -2 - -70 - (-5 - -9). Suppose -4*s - 3*d = -88, 4*s - d = 2*d + j. Let v = 28 - s. What is the units digit of v?
9
Suppose 0 = -53*c + 21*c + 19040. What is the tens digit of c?
9
Let i(l) = -24*l + 52. Let p be i(13). Let t = p - -445. What is the hundreds digit of t?
1
Let p(m) = 2*m**2 + 15*m - 21. Let n be p(-17). Suppose a = 4*s - 250, 0*s = 5*s + 4*a - n. Suppose -4*r = -s + 10. What is the units digit of r?
3
Let b(z) = z**2 + 11*z - 14. Suppose 0 = 2*c + 2*c, o - 5*c = -13. What is the tens digit of b(o)?
1
What is the tens digit of (51/(-9))/((-9)/1107)?
9
Let v be ((-4)/(-3))/((-18)/27). Let d be (-144)/(-40) - v/5. Suppose 0 = -0*a + 4*a - d. What is the units digit of a?
1
Suppose -f = -24 + 9. Suppose -2*w = w - f. Suppose -w*k + 45 = -30. What is the tens digit of k?
1
Let v(x) = 3*x + 1. Let m be v(-1). Let k(j) = -7*j**2 - 6*j + 2. Let d(y) = 7*y**2 + 7*y - 2. Let f(a) = -2*d(a) - 3*k(a). What is the tens digit of f(m)?
1
Let w(l) = 40*l - 27. Let p(d) = -100*d + 68. Let b(q) = -5*p(q) - 12*w(q). What is the tens digit of b(6)?
0
Let r = 33 + 129. What is the tens digit of r?
6
Suppose -18 - 12 = -3*y. Suppose 13*q = y*q. Suppose -2*o - b - 4*b + 55 = q, -4*o + 3*b + 45 = 0. What is the units digit of o?
5
What is the units digit of (-397 + 24/(-6))*-4?
4
Let h(w) = -w**2 - w + 2. Let s be h(0). Let t 